5 (base 7) in base 15?
-1dbd2
-a7a93d (base 14) to base 6
-321355403
Convert -28891 (base 12) to base 9.
-85521
What is 1543210 (base 7) in base 9?
353344
What is 10001010010001011011 (base 2) in base 13?
16aa35
Convert -125445105 (base 6) to base 8.
-11446541
What is 2122212220010 (base 3) in base 8?
5313377
675532 (base 10) to base 7
5512324
Convert -1a7b95 (base 12) to base 2.
-1110010101111100001
-43065010 (base 7) to base 4
-31332112033
25408b (base 14) to base 13
35a104
Convert 78221 (base 16) to base 3.
220222222122
Convert 77a704 (base 12) to base 7.
22123501
42668 (base 9) to base 6
334442
-30113332 (base 4) to base 11
-35099
-8562564 (base 9) to base 14
-876068
What is 6913516 (base 10) in base 13?
1580a4c
Convert -100330032311 (base 4) to base 11.
-2563665
-2104040132 (base 5) to base 4
-100220322331
What is -100010001111110111 (base 2) in base 16?
-223f7
What is -1f22e2 (base 16) in base 3?
-10211200002210
What is -36b81 (base 13) in base 5?
-11211304
Convert -2503601 (base 7) to base 9.
-537765
What is a7e86 (base 16) in base 2?
10100111111010000110
What is -1111110110000010100110 (base 2) in base 5?
-2030403020
1451211 (base 6) to base 15
1a0aa
Convert 13045331 (base 7) to base 11.
741600
Convert -11bb361 (base 14) to base 16.
-820459
-1013044030 (base 5) to base 3
-10220201210021
-123034 (base 10) to base 14
-32ba2
-2acdcd (base 14) to base 12
-601521
Convert -1826865 (base 13) to base 7.
-123612243
Convert -11c629b (base 13) to base 2.
-10101001100000100110010
Convert 403440044 (base 5) to base 15.
221484
Convert -16a40 (base 12) to base 13.
-11ab1
What is -2211021200 (base 3) in base 13?
-1c40a
624253 (base 8) to base 3
101111222101
Convert -11220142101 (base 5) to base 14.
-19786b5
What is 43533022 (base 7) in base 9?
7028441
Convert 9700a (base 16) to base 3.
1011102102122
-102b20 (base 12) to base 4
-331333020
Convert 10550251 (base 6) to base 3.
121112100211
Convert -2037d (base 16) to base 11.
-90169
Convert 123333123 (base 4) to base 14.
2dad5
What is -9103 (base 10) in base 5?
-242403
Convert -12215 (base 7) to base 4.
-301331
Convert -116655 (base 14) to base 11.
-37627a
What is 3220717 (base 9) in base 8?
6453256
Convert 15179 (base 14) to base 2.
1100110011010111
-751b76 (base 15) to base 16
-551037
What is 160147 (base 10) in base 15?
326b7
Convert -2734747 (base 10) to base 11.
-15a8724
-ae7e0e (base 16) to base 9
-23458538
Convert 20535c6 (base 14) to base 15.
1516993
What is -51312103 (base 6) in base 13?
-3c6990
-2635866 (base 9) to base 8
-5376674
-14105532 (base 6) to base 3
-220011102102
What is -3a667 (base 15) in base 14?
-4c264
Convert 195bcb (base 14) to base 7.
10434544
-b24ee (base 16) to base 13
-1c757a
Convert -222113031 (base 4) to base 14.
-47341
What is -123103323321 (base 4) in base 3?
-111110202001100
Convert 3646110 (base 9) to base 6.
110231313
Convert -2331202000 (base 5) to base 16.
-516661
Convert -340051 (base 8) to base 6.
-2243053
What is -1350728 (base 15) in base 10?
-13923488
What is -34a744 (base 11) in base 8?
-2075622
What is 54950a2 (base 11) in base 5?
4431444140
-122000010011001 (base 3) to base 2
-100010011110001111111001
320750 (base 8) to base 10
106984
Convert 7e51 (base 16) to base 9.
48320
What is -33211013132 (base 4) in base 5?
-2021143230
Convert -51375 (base 14) to base 6.
-4105055
What is -1108735 (base 10) in base 16?
-10eaff
-100010010002 (base 3) to base 6
-3502345
Convert -1404632 (base 8) to base 2.
-1100000100110011010
20433343 (base 5) to base 4
221301122
199423d (base 14) to base 8
60431517
-499b6 (base 16) to base 6
-10243450
Convert -209aca (base 13) to base 10.
-764215
-1110100001100110101010 (base 2) to base 12
-133760a
Convert -3298889 (base 10) to base 8.
-14453111
What is -21310303 (base 4) in base 8?
-116463
What is -646323 (base 9) in base 7?
-3162651
Convert -781b38 (base 12) to base 11.
-10958a5
Convert 10110001010000001 (base 2) to base 12.
44629
Convert 282990 (base 11) to base 8.
1541310
Convert 100021220012 (base 3) to base 10.
182903
Convert -369197 (base 14) to base 10.
-1868993
10011101001111001000 (base 2) to base 6
21445400
What is 22033305 (base 7) in base 13?
5127c9
Convert 110322302 (base 4) to base 5.
10220212
What is 11101101110111001 (base 2) in base 12?
5a589
Convert -112013130 (base 4) to base 14.
-25028
Convert 152218 (base 9) to base 16.
16d33
Convert -2184316 (base 9) to base 7.
-13003134
809341 (base 10) to base 13
224500
What is 502315 (base 7) in base 4?
110232100
-102b3a1 (base 13) to base 16
-4ae6c0
What is 61aba (base 15) in base 10?
309550
Convert -12021021 (base 5) to base 9.
-177837
What is -1512512 (base 6) in base 8?
-252634
Convert 16716866 (base 9) to base 7.
131240613
1706d39 (base 14) to base 5
10344011432
Convert 202001022022 (base 3) to base 4.
1200111311
-2113244122 (base 5) to base 8
-20716472
What is 1cdda45 (base 14) in base 9?
30281366
2a3748 (base 13) to base 4
3330323332
Convert 426a92 (base 12) to base 2.
100000000000010001110
Convert 1180618 (base 9) to base 8.
2350631
112301410 (base 6) to base 14
3c0a98
Convert -1543575 (base 8) to base 10.
-444285
What is 381a5 (base 13) in base 4?
121102023
-1334021 (base 5) to base 14
-9da2
What is 44412502 (base 6) in base 13?
37b845
What is 10d30 (base 14) in base 2?
1010000000101110
6004b (base 12) to base 13
44870
What is -38a789 (base 12) in base 5?
-214241102
69025 (base 11) to base 4
120120030
What is 17a057 (base 11) in base 9?
461757
Convert 300131333120 (base 4) to base 15.
11aea02
24123302 (base 5) to base 14
5b69b
What is 10451201 (base 6) in base 10?
317809
Convert -1535142 (base 7) to base 14.
-56ac9
What is -1312599 (base 11) in base 14?
-43237c
-49442 (base 10) to base 9
-74735
127951 (base 12) to base 6
10302141
What is -1565 (base 8) in base 13?
-531
What is 1276752 (base 10) in base 13?
359199
1077760 (base 10) to base 6
35033344
What is -191949 (base 10) in base 9?
-322266
Convert -3267215 (base 8) to base 7.
-10324245
Convert -bca8b (base 13) to base 8.
-1234504
5010215 (base 6) to base 13
82a69
What is 16d4d (base 14) in base 12?
29335
What is -123202211310 (base 4) in base 14?
-d5d07a
What is bb9b92 (base 12) in base 10?
2982494
What is -4231201 (base 5) in base 4?
-101102101
32565773 (base 8) to base 10
7007227
-2551b5 (base 15) to base 2
-110110100110011011001
What is -11f42 (base 16) in base 10?
-73538
Convert -13542546 (base 7) to base 10.
-1271094
What is -1101000000100000000 (base 2) in base 6?
-13045200
Convert -30d1d (base 15) to base 2.
-100101110011001100
Convert -12233431 (base 5) to base 3.
-12222212001
What is 24114 (base 5) in base 6?
12132
Convert 1687062 (base 9) to base 3.
1202221002002
Convert -68978 (base 12) to base 4.
-202011230
What is 12133661 (base 7) in base 8?
4105471
Convert 255430 (base 6) to base 2.
101101011101010
What is -1615601 (base 7) in base 3?
-102022202122
Convert -745124 (base 9) to base 2.
-1101100001111000111
Convert -14212103 (base 6) to base 2.
-1110110001000100111
Convert 3b73a (base 14) to base 11.
a0376
-7aa072 (base 14) to base 8
-17735124
Convert -1d0844 (base 14) to base 6.
-34133312
-32212220 (base 4) to base 7
-336251
-10204445 (base 6) to base 16
-4864d
Convert 10010001001000001110010 (base 2) to base 3.
22221121102020
Convert 14623015 (base 8) to base 7.
40330551
What is -10000001011000010 (base 2) in base 13?
-241c7
28634 (base 13) to base 15
176a5
Convert 241103 (base 10) to base 2.
111010110111001111
What is -1256686 (base 9) in base 7?
-5561511
What is -9566109 (base 11) in base 4?
-1000100213102
141117 (base 9) to base 4
111001213
Convert -9d2c3 (base 15) to base 4.
-1322012211
-12001102210120 (base 3) to base 13
-730461
-5409677 (base 10) to base 15
-71cd02
Convert 22200222 (base 3) to base 5.
200334
-100001100011101 (base 2) to base 11
-119aa
What is -5162570 (base 10) in base 8?
-23543112
-1607303 (base 10) to base 2
-110001000011010000111
-18d6 (base 16) to base 9
-8644
Convert -256188 (base 9) to base 13.
-5599a
Convert -219369 (base 14) to base 11.
-709096
15150240 (base 8) to base 7
41264124
What is -102201100202 (base 3) in base 5?
-24340002
What is 20110201000101 (base 3) in base 2?
1101000111100001101111
791617 (base 10) to base 16
c1441
-25382 (base 12) to base 3
-2120110